{"id":741,"date":"2024-02-17T00:24:41","date_gmt":"2024-02-17T00:24:41","guid":{"rendered":"https:\/\/sklep.tankbusters.pl\/?post_type=product&#038;p=741"},"modified":"2025-11-08T18:03:30","modified_gmt":"2025-11-08T17:03:30","slug":"szklo-tankbusters-kraken-edition","status":"publish","type":"product","link":"https:\/\/sklep.tankbusters.pl\/index.php\/produkt\/szklo-tankbusters-kraken-edition\/","title":{"rendered":"Szk\u0142o Tankbusters 500 ml \u2013 Kraken Edition"},"content":{"rendered":"<p><strong data-start=\"0\" data-end=\"45\" data-is-only-node=\"\">Szk\u0142o Tankbusters 500 ml \u2013 Kraken Edition<\/strong> to wyj\u0105tkowa szklanka inspirowana legendarnym morskim potworem. Ozdobiona dynamicznym motywem macek o\u015bmiornicy, nawi\u0105zuj\u0105cym do pot\u0119gi Krakena, idealnie oddaje charakter naszych najodwa\u017cniejszych piw. Solidne, dobrze le\u017cy w d\u0142oni i pomie\u015bci pe\u0142ne 500 ml kraftowego dobra. Dla tych, kt\u00f3rzy nie boj\u0105 si\u0119 si\u0119gn\u0105\u0107 po g\u0142\u0119bi\u0119 smaku.<\/p>\n","protected":false},"excerpt":{"rendered":"<p>Szk\u0142o Tankbusters 500 ml \u2013 Kraken Edition<\/p>\n","protected":false},"featured_media":1376,"comment_status":"open","ping_status":"closed","template":"","meta":[],"product_brand":[],"product_cat":[135,139],"product_tag":[],"class_list":{"0":"post-741","1":"product","2":"type-product","3":"status-publish","4":"has-post-thumbnail","6":"product_cat-nowe","7":"product_cat-szklo","9":"first","10":"instock","11":"purchasable","12":"product-type-simple"},"yoast_head":"<!-- This site is optimized with the Yoast SEO plugin v27.3 - https:\/\/yoast.com\/product\/yoast-seo-wordpress\/ -->\n<title>Szk\u0142o Tankbusters 500 ml \u2013 Kraken Edition - TankBusters<\/title>\n<meta name=\"robots\" content=\"index, follow, max-snippet:-1, max-image-preview:large, max-video-preview:-1\" \/>\n<link rel=\"canonical\" href=\"https:\/\/sklep.tankbusters.pl\/index.php\/produkt\/szklo-tankbusters-kraken-edition\/\" \/>\n<meta property=\"og:locale\" content=\"pl_PL\" \/>\n<meta property=\"og:type\" content=\"article\" \/>\n<meta property=\"og:title\" content=\"Szk\u0142o Tankbusters 500 ml \u2013 Kraken Edition - TankBusters\" \/>\n<meta property=\"og:description\" content=\"Szk\u0142o Tankbusters 500 ml \u2013 Kraken Edition\" \/>\n<meta property=\"og:url\" content=\"https:\/\/sklep.tankbusters.pl\/index.php\/produkt\/szklo-tankbusters-kraken-edition\/\" \/>\n<meta property=\"og:site_name\" content=\"TankBusters\" \/>\n<meta property=\"article:modified_time\" content=\"2025-11-08T17:03:30+00:00\" \/>\n<meta property=\"og:image\" content=\"https:\/\/sklep.tankbusters.pl\/wp-content\/uploads\/2024\/02\/kraken.jpg\" \/>\n\t<meta property=\"og:image:width\" content=\"1024\" \/>\n\t<meta property=\"og:image:height\" content=\"1536\" \/>\n\t<meta property=\"og:image:type\" content=\"image\/jpeg\" \/>\n<meta name=\"twitter:card\" content=\"summary_large_image\" \/>\n<meta name=\"twitter:label1\" content=\"Szacowany czas czytania\" \/>\n\t<meta name=\"twitter:data1\" content=\"1 minuta\" \/>\n<script type=\"application\/ld+json\" class=\"yoast-schema-graph\">{\"@context\":\"https:\\\/\\\/schema.org\",\"@graph\":[{\"@type\":\"WebPage\",\"@id\":\"https:\\\/\\\/sklep.tankbusters.pl\\\/index.php\\\/produkt\\\/szklo-tankbusters-kraken-edition\\\/\",\"url\":\"https:\\\/\\\/sklep.tankbusters.pl\\\/index.php\\\/produkt\\\/szklo-tankbusters-kraken-edition\\\/\",\"name\":\"Szk\u0142o Tankbusters 500 ml \u2013 Kraken Edition - TankBusters\",\"isPartOf\":{\"@id\":\"http:\\\/\\\/sklep.tankbusters.pl\\\/#website\"},\"primaryImageOfPage\":{\"@id\":\"https:\\\/\\\/sklep.tankbusters.pl\\\/index.php\\\/produkt\\\/szklo-tankbusters-kraken-edition\\\/#primaryimage\"},\"image\":{\"@id\":\"https:\\\/\\\/sklep.tankbusters.pl\\\/index.php\\\/produkt\\\/szklo-tankbusters-kraken-edition\\\/#primaryimage\"},\"thumbnailUrl\":\"https:\\\/\\\/sklep.tankbusters.pl\\\/wp-content\\\/uploads\\\/2024\\\/02\\\/kraken.jpg\",\"datePublished\":\"2024-02-17T00:24:41+00:00\",\"dateModified\":\"2025-11-08T17:03:30+00:00\",\"breadcrumb\":{\"@id\":\"https:\\\/\\\/sklep.tankbusters.pl\\\/index.php\\\/produkt\\\/szklo-tankbusters-kraken-edition\\\/#breadcrumb\"},\"inLanguage\":\"pl-PL\",\"potentialAction\":[{\"@type\":\"ReadAction\",\"target\":[\"https:\\\/\\\/sklep.tankbusters.pl\\\/index.php\\\/produkt\\\/szklo-tankbusters-kraken-edition\\\/\"]}]},{\"@type\":\"ImageObject\",\"inLanguage\":\"pl-PL\",\"@id\":\"https:\\\/\\\/sklep.tankbusters.pl\\\/index.php\\\/produkt\\\/szklo-tankbusters-kraken-edition\\\/#primaryimage\",\"url\":\"https:\\\/\\\/sklep.tankbusters.pl\\\/wp-content\\\/uploads\\\/2024\\\/02\\\/kraken.jpg\",\"contentUrl\":\"https:\\\/\\\/sklep.tankbusters.pl\\\/wp-content\\\/uploads\\\/2024\\\/02\\\/kraken.jpg\",\"width\":1024,\"height\":1536},{\"@type\":\"BreadcrumbList\",\"@id\":\"https:\\\/\\\/sklep.tankbusters.pl\\\/index.php\\\/produkt\\\/szklo-tankbusters-kraken-edition\\\/#breadcrumb\",\"itemListElement\":[{\"@type\":\"ListItem\",\"position\":1,\"name\":\"Strona g\u0142\u00f3wna\",\"item\":\"http:\\\/\\\/sklep.tankbusters.pl\\\/\"},{\"@type\":\"ListItem\",\"position\":2,\"name\":\"Sklep\",\"item\":\"http:\\\/\\\/sklep.tankbusters.pl\\\/\"},{\"@type\":\"ListItem\",\"position\":3,\"name\":\"Szk\u0142o Tankbusters 500 ml \u2013 Kraken Edition\"}]},{\"@type\":\"WebSite\",\"@id\":\"http:\\\/\\\/sklep.tankbusters.pl\\\/#website\",\"url\":\"http:\\\/\\\/sklep.tankbusters.pl\\\/\",\"name\":\"TankBusters\",\"description\":\"Craft Beer\",\"potentialAction\":[{\"@type\":\"SearchAction\",\"target\":{\"@type\":\"EntryPoint\",\"urlTemplate\":\"http:\\\/\\\/sklep.tankbusters.pl\\\/?s={search_term_string}\"},\"query-input\":{\"@type\":\"PropertyValueSpecification\",\"valueRequired\":true,\"valueName\":\"search_term_string\"}}],\"inLanguage\":\"pl-PL\"}]}<\/script>\n<!-- \/ Yoast SEO plugin. -->","yoast_head_json":{"title":"Szk\u0142o Tankbusters 500 ml \u2013 Kraken Edition - TankBusters","robots":{"index":"index","follow":"follow","max-snippet":"max-snippet:-1","max-image-preview":"max-image-preview:large","max-video-preview":"max-video-preview:-1"},"canonical":"https:\/\/sklep.tankbusters.pl\/index.php\/produkt\/szklo-tankbusters-kraken-edition\/","og_locale":"pl_PL","og_type":"article","og_title":"Szk\u0142o Tankbusters 500 ml \u2013 Kraken Edition - TankBusters","og_description":"Szk\u0142o Tankbusters 500 ml \u2013 Kraken Edition","og_url":"https:\/\/sklep.tankbusters.pl\/index.php\/produkt\/szklo-tankbusters-kraken-edition\/","og_site_name":"TankBusters","article_modified_time":"2025-11-08T17:03:30+00:00","og_image":[{"width":1024,"height":1536,"url":"https:\/\/sklep.tankbusters.pl\/wp-content\/uploads\/2024\/02\/kraken.jpg","type":"image\/jpeg"}],"twitter_card":"summary_large_image","twitter_misc":{"Szacowany czas czytania":"1 minuta"},"schema":{"@context":"https:\/\/schema.org","@graph":[{"@type":"WebPage","@id":"https:\/\/sklep.tankbusters.pl\/index.php\/produkt\/szklo-tankbusters-kraken-edition\/","url":"https:\/\/sklep.tankbusters.pl\/index.php\/produkt\/szklo-tankbusters-kraken-edition\/","name":"Szk\u0142o Tankbusters 500 ml \u2013 Kraken Edition - TankBusters","isPartOf":{"@id":"http:\/\/sklep.tankbusters.pl\/#website"},"primaryImageOfPage":{"@id":"https:\/\/sklep.tankbusters.pl\/index.php\/produkt\/szklo-tankbusters-kraken-edition\/#primaryimage"},"image":{"@id":"https:\/\/sklep.tankbusters.pl\/index.php\/produkt\/szklo-tankbusters-kraken-edition\/#primaryimage"},"thumbnailUrl":"https:\/\/sklep.tankbusters.pl\/wp-content\/uploads\/2024\/02\/kraken.jpg","datePublished":"2024-02-17T00:24:41+00:00","dateModified":"2025-11-08T17:03:30+00:00","breadcrumb":{"@id":"https:\/\/sklep.tankbusters.pl\/index.php\/produkt\/szklo-tankbusters-kraken-edition\/#breadcrumb"},"inLanguage":"pl-PL","potentialAction":[{"@type":"ReadAction","target":["https:\/\/sklep.tankbusters.pl\/index.php\/produkt\/szklo-tankbusters-kraken-edition\/"]}]},{"@type":"ImageObject","inLanguage":"pl-PL","@id":"https:\/\/sklep.tankbusters.pl\/index.php\/produkt\/szklo-tankbusters-kraken-edition\/#primaryimage","url":"https:\/\/sklep.tankbusters.pl\/wp-content\/uploads\/2024\/02\/kraken.jpg","contentUrl":"https:\/\/sklep.tankbusters.pl\/wp-content\/uploads\/2024\/02\/kraken.jpg","width":1024,"height":1536},{"@type":"BreadcrumbList","@id":"https:\/\/sklep.tankbusters.pl\/index.php\/produkt\/szklo-tankbusters-kraken-edition\/#breadcrumb","itemListElement":[{"@type":"ListItem","position":1,"name":"Strona g\u0142\u00f3wna","item":"http:\/\/sklep.tankbusters.pl\/"},{"@type":"ListItem","position":2,"name":"Sklep","item":"http:\/\/sklep.tankbusters.pl\/"},{"@type":"ListItem","position":3,"name":"Szk\u0142o Tankbusters 500 ml \u2013 Kraken Edition"}]},{"@type":"WebSite","@id":"http:\/\/sklep.tankbusters.pl\/#website","url":"http:\/\/sklep.tankbusters.pl\/","name":"TankBusters","description":"Craft Beer","potentialAction":[{"@type":"SearchAction","target":{"@type":"EntryPoint","urlTemplate":"http:\/\/sklep.tankbusters.pl\/?s={search_term_string}"},"query-input":{"@type":"PropertyValueSpecification","valueRequired":true,"valueName":"search_term_string"}}],"inLanguage":"pl-PL"}]}},"_links":{"self":[{"href":"https:\/\/sklep.tankbusters.pl\/index.php\/wp-json\/wp\/v2\/product\/741","targetHints":{"allow":["GET"]}}],"collection":[{"href":"https:\/\/sklep.tankbusters.pl\/index.php\/wp-json\/wp\/v2\/product"}],"about":[{"href":"https:\/\/sklep.tankbusters.pl\/index.php\/wp-json\/wp\/v2\/types\/product"}],"replies":[{"embeddable":true,"href":"https:\/\/sklep.tankbusters.pl\/index.php\/wp-json\/wp\/v2\/comments?post=741"}],"wp:featuredmedia":[{"embeddable":true,"href":"https:\/\/sklep.tankbusters.pl\/index.php\/wp-json\/wp\/v2\/media\/1376"}],"wp:attachment":[{"href":"https:\/\/sklep.tankbusters.pl\/index.php\/wp-json\/wp\/v2\/media?parent=741"}],"wp:term":[{"taxonomy":"product_brand","embeddable":true,"href":"https:\/\/sklep.tankbusters.pl\/index.php\/wp-json\/wp\/v2\/product_brand?post=741"},{"taxonomy":"product_cat","embeddable":true,"href":"https:\/\/sklep.tankbusters.pl\/index.php\/wp-json\/wp\/v2\/product_cat?post=741"},{"taxonomy":"product_tag","embeddable":true,"href":"https:\/\/sklep.tankbusters.pl\/index.php\/wp-json\/wp\/v2\/product_tag?post=741"}],"curies":[{"name":"wp","href":"https:\/\/api.w.org\/{rel}","templated":true}]}}